 + 2*n**2 + 5*n + 9*n - 12*n - 138. List the prime factors of s(-24).
2, 3, 11
Suppose -4*k + 2*s = -27 - 25, 2*s - 8 = 0. Suppose k*i = 14*i + 44. List the prime factors of (-15 - 1)*i/(-8).
2, 11
Let z(i) be the first derivative of -i**3/3 + 19*i**2/2 + 45*i + 10. Let f(k) = 9*k + 19. Let j be f(0). What are the prime factors of z(j)?
3, 5
Suppose 4*z - 8*z = 120. Let m = -192 + 339. Let n = z + m. List the prime factors of n.
3, 13
Let w(o) = -5*o**3 + 3*o**2 + 4. Let i be w(-4). Let z = 723 - i. What are the prime factors of z?
3, 13
Let u = 3628 + -3618. What are the prime factors of u?
2, 5
Let d(o) = 14*o - 64. Let s be d(6). Suppose s*g = 22*g - 526. List the prime factors of g.
263
Let t(d) = 3*d. Suppose m + 3*m = 6*m. Let a be t(m). Suppose l - 69 - 220 = a. What are the prime factors of l?
17
Suppose -b - 11*s + 10*s + 1227 = 0, -3*b + 3*s + 3681 = 0. Let w = b + -326. What are the prime factors of w?
17, 53
Suppose 0 = 4*x - 6*x + 144. Let q = -55 + x. Let h(v) = 6*v - 9. What are the prime factors of h(q)?
3, 31
Let r be 0 - (-1 + (-9)/(-3) - 3). Let o be 1 - (r + 0) - (11 - 4). What are the prime factors of 3 - (o/(-14))/(1/(-12))?
3
Suppose -4*w + 19 - 15 = 0, w = -5*k + 636. List the prime factors of (-21)/28*k*20/(-3).
5, 127
Let j = 3015 + -221. Let h = j - 1893. List the prime factors of h.
17, 53
Suppose -4*p + 38 + 34 = 0. Suppose 15*j = p*j - 15. List the prime factors of ((-13)/2)/(j/(-40)).
2, 13
Suppose 0 = -2*d + 5*d - 15. Suppose -25 = -5*r - 5*x, -3*x = -d*r + 4*r + 17. Suppose r*z - 537 = 5*z. List the prime factors of z.
179
Let c(l) = 7517*l**2 + 6*l - 6. Let s be c(1). Suppose 7*y - s = 449. What are the prime factors of y?
2, 569
Let f(t) = -145*t + 12. Let g be f(-6). Let j be -10*(g/(-12) - -1). Suppose -14*r = -9*r - j. What are the prime factors of r?
5, 29
Let w = 105 - 102. Suppose 0 = w*h + 9 - 459. What are the prime factors of h?
2, 3, 5
Let n(p) = -p**3 - 61*p**2 - 19*p - 156. Let l(w) = -2*w**2 + 2*w - 61. Let f be l(0). What are the prime factors of n(f)?
17, 59
Let l(k) = 140*k + 167. Let z(m) = -71*m - 84. Let n(w) = -6*l(w) - 14*z(w). List the prime factors of n(11).
2, 467
Let h = -1958 - -7583. List the prime factors of h.
3, 5
Let t = -8368 + 20292. List the prime factors of t.
2, 11, 271
Let z be 2/((9/6 + -3)/3). What are the prime factors of (z - (-24)/6) + 3?
3
Let q be ((-8)/(-12) - 5/3)*-3. Suppose 0 = -i + q*a + 4, -4*i + 4 = -3*i + 2*a. Suppose -5*n = i*v - 213, -3*v - n = -65 - 92. What are the prime factors of v?
2, 13
Suppose 0 = -7*z + 249377 + 942 - 14083. What are the prime factors of z?
2, 11, 13, 59
Let t be (2/(-1))/(16/(-200)). Let f be (-40)/t - -2 - (-54)/(-10). Let b = f + 247. List the prime factors of b.
2, 11
Suppose x + 506 + 86 = 0. Let s = x - -1441. What are the prime factors of s?
3, 283
Let g = 15776 - 7125. List the prime factors of g.
41, 211
Let n(x) = -x + 166. Let h be n(28). Let w = 482 + h. List the prime factors of w.
2, 5, 31
Suppose -321*t + 390291 = -14490. What are the prime factors of t?
13, 97
Suppose 4*s = 16 - 0. Suppose 0 = s*q - 9 - 11. Suppose -q*w - 114 + 544 = 0. What are the prime factors of w?
2, 43
Let v = -536 - -755. List the prime factors of v.
3, 73
Suppose -20 = 4*o + o, u - 6943 = 4*o. List the prime factors of u.
3, 2309
Let a(k) = 5*k**3 + 14*k**2 - 21*k + 142. What are the prime factors of a(9)?
2, 7, 13
Let h(y) = 109*y**2 + 62*y + 665. List the prime factors of h(-20).
5, 1721
Let t(j) = -j**2 + 2*j + 7. Let h be t(4). Let n = 3 - h. Suppose 518 = n*x + 3*x. What are the prime factors of x?
2, 37
Suppose -717*g + 713*g - 2*u + 39436 = 0, -9849 = -g + 2*u. List the prime factors of g.
9857
Let s be 388/(-44) + 18/(-99). Let d = s + 305. What are the prime factors of d?
2, 37
Suppose 0*h = 12*h - 24. Let n(c) = 375*c**2 - 6*c + 15. List the prime factors of n(h).
3, 167
Let l be -3*(-5 + (-13)/(-3)). Suppose 0 = -3*z - a + 711, -l*z + 553 = 2*a + 75. List the prime factors of z.
2, 59
Let z be 248115/36 + 23/(-276). Suppose 0*a - z = -4*a - 5*v, -4*a + 5*v + 6892 = 0. List the prime factors of a.
1723
Let m(y) = y**2 + 11*y + 2. Let b be m(-11). Suppose 0 = -b*x - 5 + 23. Suppose 0 = 3*q + x, -3*q + 6*q + 249 = 4*f. What are the prime factors of f?
2, 3, 5
Suppose -4*u + 1416 = 172. Suppose 78*y - 348 = 74*y. Let z = u - y. List the prime factors of z.
2, 7
List the prime factors of (-3635)/(-2)*(49 + -47).
5, 727
Suppose -3*s = -6*s + 3*b + 36, 5*s - 30 = -5*b. Suppose 0 = -4*w + s*w + 1785. Let t = 539 + w. List the prime factors of t.
2, 7, 13
Let a(t) = -3*t - 12. Let w(y) = 15*y + 59. Let b(d) = 11*a(d) + 2*w(d). Let o be b(10). Let s = o + 63. List the prime factors of s.
19
What are the prime factors of (-13 - -25 - -3691) + 12?
5, 743
Let b = -679 - -685. Let n(p) be the third derivative of 3*p**5/20 - 17*p**4/24 + 9*p**3/2 - p**2. What are the prime factors of n(b)?
3, 83
Let d = 151 + -160. Let h = d + 631. What are the prime factors of h?
2, 311
Let b(s) be the third derivative of 0*s - 6*s**2 + 1/6*s**4 + 47/6*s**3 + 0. List the prime factors of b(18).
7, 17
Let t(y) = -y**3 - 8*y**2 + 2*y + 19. Let f be t(-8). Suppose 9*w - f*w - 36 = 0. Suppose -w = 4*q - 26. List the prime factors of q.
5
List the prime factors of (2234/12)/(((-1037)/(-714))/61).
7, 1117
What are the prime factors of (6088/(-5))/((-3)/6*(-38)/(-95))?
2, 761
Let p(i) = 25*i**2 + 82*i + 857. List the prime factors of p(-13).
2, 251
Let q = -15135 + 6397. List the prime factors of (q/(-119))/(6/21).
257
Let l(x) = -x**3 - 125*x**2 + 157*x - 842. List the prime factors of l(-128).
2, 14107
Let t be 53/689 - 25/(-13). Suppose t*x - 2727 = -k, x - 5*k = -0*x + 1336. What are the prime factors of x?
1361
Let c be 138/33 + (-3)/(66/4). Suppose 0 = r, -2*o + 3*o + c*r = 2. What are the prime factors of (-2)/(-4) - (-293)/o?
3, 7
Suppose 3*q = 2*s + 5*q, -3*q + 24 = -5*s. List the prime factors of 708/(s*((-20)/15)/4).
2, 3, 59
Let l = -2190 - -9141. What are the prime factors of l?
3, 7, 331
Suppose -131*l + 76179 = -128*l. List the prime factors of l.
67, 379
Let p(d) = 4*d + 13. Let u be p(-3). Let m(q) = 18*q**3 - 2*q + 2. What are the prime factors of m(u)?
2, 3
Let z be 4/(-6) + (-1)/(-9)*-3. List the prime factors of (184/5 - -1)/(z/(-5)).
3, 7
Let d(z) = -5*z + 335. Let f be d(44). Suppose -j + 4*c + 10 = 0, 0*j = -3*j - 5*c + f. List the prime factors of j.
2, 3, 5
Let f = 124654 - 65447. What are the prime factors of f?
59207
Let y = 8725 - 3810. List the prime factors of y.
5, 983
Suppose 40*f + 60*f - 980563 + 146463 = 0. What are the prime factors of f?
19, 439
Suppose 0*a = a - 4*n - 23, -2*a + 3*n + 46 = 0. Suppose 0 = -19*l - 2*l - 1260. Let z = a - l. What are the prime factors of z?
83
Suppose 5*x = 3*b + 2*x + 2589, -1723 = 2*b + x. Let o = -609 - b. List the prime factors of o.
11, 23
Suppose 3697 = 3*a - 4*p - 1157, 5*a = -5*p + 8090. What are the prime factors of a?
2, 809
Suppose 2*n = 10 - 0. Suppose 0 = -b + n*w, -2*b - 2*b - 3*w = -23. Suppose -b*u = 2*l - 571, -5*u + 2*l + 585 = -3*l. List the prime factors of u.
5, 23
Suppose 3*k - 36*a = -41*a + 117856, 4*k - 157118 = -2*a. What are the prime factors of k?
7, 31, 181
Let p(q) = 4686*q**3 + 3*q + 1. What are the prime factors of p(1)?
2, 5, 7, 67
Suppose -158338 = -8*q - 8250. What are the prime factors of q?
73, 257
Let a(p) = 4*p**3 - 2*p**2 + 4*p - 20. Let o = 297 + -292. What are the prime factors of a(o)?
2, 3, 5
Let u(x) = 9*x + 157. Let s be u(-18). List the prime factors of -4 + -1 + 3 - -55 - s.
2, 29
Let h(v) = -1164*v - 1234. List the prime factors of h(-13).
2, 6949
List the prime factors of -3 + (-31269)/(-9) - 102/(-153).
2, 7, 31
What are the prime factors of (21246 - 7) + -4 + (-84)/(-7)?
21247
Suppose -3*o - 957 = -3*n, -2*o + 4*n - 172 = 474. Let l = o - -2031. List the prime factors of l.
2, 3, 11, 13
Let r be 18*1*7/(42/9). Suppose 0 = r*g - 30*g + 102. Let o = -20 + g. List the prime factors of o.
2, 7
Suppose 0 = 3*n + 2*k + 10310 - 37881, -4*n - 2*k + 36760 = 0. List the prime factors of n.
3, 1021
Let y(z) = -7*z**3 + 39*z**2 + 2*z - 130. What are the prime factors of y(-16)?
2, 19, 1013
Suppose 0 = 177*u - 160*u - 12019. Let i = u + -145. What are the 